common factor of 9555 and 8313690.
105
What is the highest common factor of 206037634 and 1334?
1334
Calculate the greatest common factor of 8931 and 12929111.
2977
Calculate the highest common divisor of 83483271 and 27.
27
Calculate the greatest common divisor of 365457258 and 1548.
774
What is the greatest common factor of 471 and 57830165?
157
Calculate the greatest common divisor of 1419495 and 58890.
15
What is the highest common factor of 72485 and 875?
35
Calculate the highest common factor of 179352232 and 56.
8
What is the highest common factor of 14619 and 21211283?
443
What is the greatest common factor of 5746377 and 253461?
3783
What is the greatest common divisor of 37410048 and 936?
936
Calculate the highest common factor of 16625 and 425999.
133
What is the greatest common factor of 545100 and 1100?
100
Calculate the greatest common divisor of 27494365 and 620.
155
What is the highest common divisor of 30 and 101881680?
30
Calculate the highest common divisor of 22 and 5170106304.
22
What is the highest common divisor of 5630933 and 1249259?
3707
What is the greatest common factor of 42 and 7760361?
21
Calculate the highest common divisor of 18 and 2965707.
9
What is the highest common divisor of 2805289 and 1796152?
799
What is the greatest common factor of 4033 and 30809395?
109
What is the highest common divisor of 2775 and 2967540?
15
What is the highest common factor of 80 and 290839472?
16
Calculate the greatest common divisor of 384 and 337869.
3
Calculate the greatest common divisor of 111 and 101222787.
111
What is the greatest common factor of 310 and 6224955?
155
What is the highest common divisor of 173292 and 29988?
84
What is the greatest common divisor of 9744 and 92260?
28
What is the greatest common divisor of 14752 and 477760?
32
What is the greatest common factor of 10024830 and 66624?
2082
What is the highest common factor of 6724 and 15452?
4
What is the greatest common factor of 4268 and 750632366?
2134
Calculate the highest common factor of 13754496 and 6579.
2193
What is the highest common divisor of 78 and 6556082?
26
What is the greatest common factor of 92120 and 24017?
329
Calculate the highest common factor of 346908432 and 3329.
3329
What is the greatest common factor of 10198537 and 8572?
2143
Calculate the greatest common factor of 136566 and 65759058.
5058
What is the greatest common factor of 15450 and 5269686?
618
What is the highest common divisor of 1504 and 3638834?
94
Calculate the greatest common factor of 105914468 and 44.
44
What is the greatest common divisor of 9519507 and 3519?
153
What is the greatest common divisor of 28772748 and 594?
18
What is the greatest common divisor of 134387 and 21109?
209
What is the highest common factor of 12150 and 34577199?
243
What is the greatest common divisor of 1169 and 3040402?
167
What is the highest common factor of 27 and 41822541?
27
What is the greatest common factor of 34529940 and 945?
45
Calculate the highest common factor of 145090023 and 309.
309
Calculate the highest common divisor of 159875 and 723500.
125
What is the highest common divisor of 25852721 and 8012?
2003
Calculate the greatest common factor of 90045 and 41025285.
3915
What is the highest common factor of 238 and 3766336?
14
What is the highest common factor of 370656726 and 66?
66
What is the highest common factor of 691 and 60004367?
691
What is the highest common divisor of 466933278 and 84?
42
What is the highest common divisor of 43120 and 22088?
88
Calculate the greatest common divisor of 1620852 and 300.
12
What is the greatest common factor of 483 and 315357?
21
What is the highest common divisor of 4179531 and 3563081?
12329
What is the highest common divisor of 6468498 and 648?
162
Calculate the greatest common divisor of 205746998 and 16976.
2122
Calculate the highest common factor of 2038589 and 268583.
4403
Calculate the highest common factor of 7200 and 70021680.
240
What is the greatest common divisor of 388154131 and 93?
31
What is the highest common divisor of 35754 and 203111?
101
Calculate the greatest common factor of 1677 and 13495937.
559
Calculate the highest common divisor of 148 and 21642484.
148
Calculate the highest common divisor of 29074198 and 20758.
194
What is the greatest common factor of 11535504 and 609?
87
What is the greatest common divisor of 5637 and 30464227?
1879
What is the greatest common factor of 507 and 1892163?
39
What is the highest common factor of 596767306 and 346?
346
What is the greatest common divisor of 644908320 and 1080?
360
What is the greatest common factor of 11634631 and 6?
1
Calculate the highest common factor of 5849078 and 20550.
274
What is the greatest common divisor of 730 and 5090?
10
Calculate the highest common factor of 810246615 and 15.
15
What is the greatest common factor of 317682 and 110334?
222
What is the greatest common factor of 25567 and 338957?
37
What is the highest common factor of 2640 and 13575144?
264
What is the greatest common factor of 23 and 92840581?
23
What is the highest common divisor of 321751492 and 1162?
166
What is the highest common divisor of 2197923 and 4944381?
3783
What is the greatest common divisor of 78241117 and 93?
31
What is the greatest common divisor of 36 and 204773538?
6
What is the greatest common factor of 92 and 59272?
4
What is the highest common factor of 139234 and 1426339?
1619
Calculate the highest common factor of 2387 and 315952.
217
Calculate the highest common factor of 190421139 and 3231.
1077
Calculate the highest common factor of 2857728 and 1098.
366
What is the greatest common factor of 8342 and 4028068?
86
What is the highest common divisor of 2348476 and 6916?
988
Calculate the highest common factor of 103953 and 687.
3
Calculate the greatest common divisor of 18277325 and 11.
11
What is the highest common factor of 155 and 143747?
31
Calculate the highest common divisor of 11142 and 295794.
18
Calculate the highest common divisor of 178577 and 10864.
679
Calculate the highest common factor of 57 and 1155987.
3
Calculate the greatest common divisor of 1607936 and 363264.
2816
Calculate the greatest common factor of 1908 and 398656248.
636
What is the greatest common divisor of 502050 and 390?
30
Calculate the highest common factor of 1514 and 11921993.
757
Calculate the highest common divisor of 4 and 124750336.
4
What is the greatest common factor of 17063 and 429595?
151
Calculate the greatest common factor of 14278936 and 72.
8
What is the greatest common divisor of 59 and 26673487?
59
What is the highest common divisor of 296 and 32866952?
296
Calculate the highest common factor of 228 and 8698143.
57
Calculate the greatest common divisor of 1654126603 and 2089.
2089
Calculate the highest common divisor of 118584672 and 4.
4
Calculate the highest common divisor of 11163204 and 2106.
702
What is the highest common factor of 106884146 and 742?
106
Calculate the greatest common divisor of 1105388 and 50.
2
What is the greatest common factor of 122 and 362?
2
Calculate the highest common divisor of 206131524 and 1116.
372
What is the greatest common factor of 6168 and 231246544?
2056
Calculate the greatest common divisor of 109024162 and 13.
13
Calculate the highest common factor of 195 and 81365635.
65
Calculate the highest common factor of 195358 and 2242.
38
Calculate the greatest common divisor of 6926112 and 1184.
32
Calculate the highest common factor of 61627254 and 78.
78
What is the greatest common factor of 4897982 and 53582?
734
What is the highest common divisor of 362584 and 223992?
488
What is the highest common factor of 1485 and 3535095?
15
Calculate the greatest common factor of 3096841 and 88.
11
What is the highest common factor of 8666 and 5390?
14
Calculate the highest common factor of 3287 and 19211823.
173
Calculate the greatest common factor of 1284339 and 7644.
147
Calculate the greatest common factor of 38 and 247918441.
19
Calculate the greatest common factor of 34912 and 45822.
2182
What is the greatest common divisor of 2687712 and 64?
32
Calculate the greatest common factor of 9540 and 178170.
30
What is the greatest common divisor of 637 and 390455?
13
What is the greatest common factor of 1536 and 173772